-50 + -6?
-56
In base 3, what is -10 + -20222001?
-20222011
In base 15, what is -3 + 1a?
17
In base 13, what is 2 + -16?
-14
In base 6, what is 4 + 14230?
14234
In base 4, what is 33121 - 10?
33111
In base 15, what is -135 + -6?
-13b
In base 2, what is 10100101111 - 11?
10100101100
In base 13, what is -8 - -5a?
52
In base 16, what is 0 - 9a?
-9a
In base 5, what is 10 - -412?
422
In base 16, what is -156 - 4?
-15a
In base 8, what is -5 - -133?
126
In base 8, what is -20134 + 3?
-20131
In base 5, what is -3413 + -110?
-4023
In base 6, what is 15110 - 4?
15102
In base 16, what is a5 - 0?
a5
In base 3, what is 0 + 1122001?
1122001
In base 5, what is -1 + -3243?
-3244
In base 10, what is -4 + 34?
30
In base 8, what is 77 + 0?
77
In base 13, what is -1 - 5c?
-60
In base 12, what is 17 - 11?
6
In base 9, what is 5 + 11?
16
In base 9, what is 836 - 3?
833
In base 9, what is 3 - 423?
-420
In base 7, what is 5121 + 3?
5124
In base 12, what is -b6 - 0?
-b6
In base 6, what is -4 + -5?
-13
In base 13, what is 41 - -2?
43
In base 10, what is -3 - 361?
-364
In base 15, what is 28 - 12?
16
In base 12, what is -1901 - -5?
-18b8
In base 11, what is 9 - 21?
-13
In base 8, what is -3 - 52?
-55
In base 2, what is 10 - -101000?
101010
In base 16, what is -83 - 2?
-85
In base 5, what is -10 + 0?
-10
In base 9, what is 3 - 145?
-142
In base 7, what is 53 + 36?
122
In base 10, what is 15 + -4?
11
In base 6, what is -11013 - -3?
-11010
In base 7, what is 0 + 42?
42
In base 7, what is 46 + 31?
110
In base 2, what is 101000 - 10?
100110
In base 15, what is -10bb + -4?
-10c0
In base 6, what is 45 - 22?
23
In base 12, what is 10 - 1?
b
In base 2, what is -101 - 1100100?
-1101001
In base 10, what is -3900 + -1?
-3901
In base 10, what is -3305 - 0?
-3305
In base 16, what is -3 - 222?
-225
In base 16, what is -65 - 1?
-66
In base 5, what is 303 + -23?
230
In base 11, what is 78 + 17?
94
In base 13, what is 9b + -11b?
-50
In base 14, what is 1d78 + 2?
1d7a
In base 16, what is 15 - 18?
-3
In base 4, what is -323 - 12?
-1001
In base 10, what is 5380 + 4?
5384
In base 14, what is -3d3 - 13?
-406
In base 8, what is 5211 + 0?
5211
In base 16, what is 2 - -231?
233
In base 14, what is 12 - -a?
1c
In base 4, what is 2 + -1023?
-1021
In base 13, what is c - 1a?
-b
In base 6, what is 4 - -122?
130
In base 2, what is -1001 + 1111?
110
In base 11, what is 9 + -21?
-13
In base 6, what is -404 - -2?
-402
In base 8, what is -540 - 1?
-541
In base 3, what is -12 + -12202202?
-12202221
In base 16, what is 31 + -2?
2f
In base 8, what is 51 - -4?
55
In base 15, what is -64ba - -5?
-64b5
In base 16, what is -1 - 64?
-65
In base 11, what is 2a2a - 1?
2a29
In base 12, what is 0 - 850?
-850
In base 5, what is 44 + 2441?
3040
In base 10, what is 1 - 80?
-79
In base 16, what is -ff + -4?
-103
In base 8, what is -6 + 4?
-2
In base 14, what is -a9 + -13?
-bc
In base 4, what is 210 + -23?
121
In base 6, what is -40 - 2?
-42
In base 14, what is 399 + 9?
3a4
In base 7, what is -10 + 354?
344
In base 15, what is -8 - -5?
-3
In base 2, what is 110 - -10100000?
10100110
In base 16, what is c - -18?
24
In base 15, what is -3e6 + 2?
-3e4
In base 13, what is -4c + -11?
-60
In base 12, what is 92 - -35?
107
In base 2, what is -1101110 + -101?
-1110011
In base 5, what is 10 + -3121?
-3111
In base 4, what is -3133 - 21?
-3220
In base 4, what is -121 + 322?
201
In base 14, what is -7 - -6c?
65
In base 15, what is 3 - 11b0?
-11ac
In base 16, what is 11 - 9d?
-8c
In base 12, what is -5 + 73?
6a
In base 8, what is -2 + -2124?
-2126
In base 5, what is -20201 + -12?
-20213
In base 15, what is dba + b?
dc6
In base 5, what is 1201201 - -10?
1201211
In base 16, what is 1 + -5af?
-5ae
In base 10, what is -5597 + -5?
-5602
In base 4, what is 303 + 11?
320
In base 8, what is -640 - -1?
-637
In base 2, what is -1000111 + 111?
-1000000
In base 13, what is -7 - 61?
-68
In base 3, what is -210011 - -21?
-202220
In base 16, what is -39 + 23?
-16
In base 15, what is 28 + -3?
25
In base 7, what is -666 + -46?
-1045
In base 16, what is -4d + 1?
-4c
In base 13, what is -19 + -309?
-325
In base 4, what is -231330 + 10?
-231320
In base 2, what is 1110101 - -100?
1111001
In base 2, what is -10 - 1111101?
-1111111
In base 15, what is -6 - 6?
-c
In base 10, what is 2296 + 5?
2301
In base 14, what is -2 - -45?
43
In base 12, what is 12 + -96?
-84
In base 10, what is 127 - -9?
136
In base 11, what is -5 + -654?
-659
In base 16, what is -4 + fe7?
fe3
In base 15, what is -10a6 - 2?
-10a8
In base 11, what is 1 - -266?
267
In base 9, what is -4 - 2163?
-2167
In base 4, what is -10 - 223?
-233
In base 3, what is 2 - -210012?
210021
In base 11, what is 157 + 2?
159
In base 16, what is 20 - -10?
30
In base 6, what is 1310 + -15?
1251
In base 15, what is 119a - 0?
119a
In base 9, what is -5 - -68?
63
In base 13, what is -12 - 4?
-16
In base 3, what is -1222101 - -10?
-1222021
In base 11, what is -11 + 100?
9a
In base 5, what is 1 - 4?
-3
In base 15, what is -5 + -1c?
-22
In base 12, what is -1958 - 4?
-1960
In base 4, what is 3232 + 3?
3301
In base 4, what is -3 - 11003?
-11012
In base 9, what is -35 + 1?
-34
In base 5, what is 11033 + -1?
11032
In base 8, what is 7352 + 2?
7354
In base 11, what is -26a0 - -2?
-2699
In base 12, what is 7 + -35?
-2a
In base 10, what is 4 - -44?
48
In base 14, what is -1 + 18?
17
In base 4, what is 2022 + 2?
2030
In base 13, what is -24 + -4?
-28
In base 11, what is -9 - -525?
517
In base 3, what is 12 - -10202000?
10202012
In base 13, what is -4 - 12?
-16
In base 13, what is -2 - -5?
3
In base 11, what is 35 + -4?
31
In base 13, what is 346 + 2?
348
In base 14, what is 17 - -6?
1d
In base 10, what is 4 - 7?
-3
In base 6, what is 312 + -42?
230
In base 16, what is 3 + -16?
-13
In base 11, what is 1559 - -1?
155a
In base 13, what is -b + 5?
-6
In base 3, what is 122 - -2?
201
In base 15, what is -14 - -5a?
46
In base 6, what is -15 - -2515?
2500
In base 15, what is 0 - -54?
54
In base 11, what is 126 - -8?
133
In base 15, what is -2 + -114?
-116
In base 7, what is -311 - 33?
-344
In base 3, what is -201222021 - -2?
-201222012
In base 13, what is 72 + -1b?
54
In base 7, what is -5 + -1151?
-1156
In base 3, what is 1012 + 212122?
220211
In base 16, what is -3 + 38f?
38c
In base 3, what is 2 + -200221?
-200212
In base 13, what is 4 + -105?
-101
In base 12, what is 1 - -33?
34
In base 9, what is -25 - 80?
-115
In base 10, what is 16 + 196?
212
In base 15, what is 2d6 + -4?
2d2
In base 4, what is 0 + -12220?
-12220
In base 11, what is 2 + 6?
8
In base 13, what is 2a19 - 2?
2a17
In base 10, what is 137 - -1?
138
In base 16, what is 2c + f?
3b
In base 6, what is -4 + -1022?
-1030
In base 2, what is 11110 - 1000000000?
-111100010
In base 15, what is 2 + -360?
-35d
In base 5, what is -11444 - -30?
-11414
In base 13, what is 7 - a0?
-96
In base 7, what is -305 + -5?
-313
In base 4, what is -1221132 - 10?
-1221202
In base 2, what is 1000010000111001 + 100?
1000010000111101
In base 9, what is 4 + 145?
150
In base 12, what is -10 + b13?
b03
In base 5, what is 1 - -141?
142
In base 9, what is 1 - 48?
-47
In base 4, what is -1213 - -11?
-1202
In base 15, what is -2 - -13?
11
In base 7, what is 2 - -6?
11
In base 14, what is -b - -25?
18
In base 14, what is -74da + 0?
-74da
In base 8, what is -641 + 0?
-641
In base 4, what is 1 - -31020?
31021
In base 5, what is 213 + 210?
423
In base 3, what is -10 + -221010?
-221020
In base 9, what is -3 - -440?
436
In base 13, what is 93 - 6?
8a
In base 10, what is -1 - 1173?
-1174
In base 16, what is 1 + 2f?
30
In base 3, what is 1 + 2121?
2122
In base 9, what is 1411 + 1?
1412
In base 6, what is -124 + 402?
234
In base 3, what is 2 + 10210000?
10210002
In base 4, what is 1 - 1200000?
-1133333
In base 12, what is -24 + -9?
-31
In base 13, what is c - 14?
-5
In base 11, what is -1375 - -5?
-1370
In base 3, what is -1200 - -10?
-1120
In base 7, what is 3 + 1206?
1212
In base 6, what is 23 - -5121?
5144
In base 12, what is -587 - -2?
-585
In base 5, what is 11002 + 44?
11101
In base 16, what is e - -2?
10
In base 12, what is 3 - -33b3?
33b6
In base 3, what is -210022 - -1022?
-202000
In base 10, what is 5 + 0?
5
In base 16, what is 4 - -32d?
331
In base 3, what is -222 + -110?
-1102
In base 16, 